{"id":54,"date":"2024-11-24T15:11:07","date_gmt":"2024-11-24T15:11:07","guid":{"rendered":"https:\/\/olintorvingen.fr\/?page_id=54"},"modified":"2025-05-30T12:36:29","modified_gmt":"2025-05-30T12:36:29","slug":"lacidite-des-airelles","status":"publish","type":"page","link":"https:\/\/olintorvingen.fr\/index.php\/biblio\/lacidite-des-airelles\/","title":{"rendered":"L&rsquo;acidit\u00e9 des airelles"},"content":{"rendered":"\n<hr class=\"wp-block-separator has-alpha-channel-opacity\"\/>\n\n\n\n<h2 class=\"wp-block-heading\">Une romance contemporaine <em>feel-good<\/em><\/h2>\n\n\n\n<p><strong>Les tropes et th\u00e8mes :<\/strong>\u00a0Ennemie \u00e0 amante (ennemy to lover), proximit\u00e9 forc\u00e9e, grumpy \/ sunshine, slow-burn, feel-good, famille choisie (found family)<\/p>\n\n\n\n<div class=\"wp-block-columns is-layout-flex wp-container-core-columns-is-layout-9d6595d7 wp-block-columns-is-layout-flex\">\n<div class=\"wp-block-column is-layout-flow wp-block-column-is-layout-flow\">\n<p><strong>\u00c0 d\u00e9couvrir sur&nbsp;<\/strong><a href=\"https:\/\/homoromance-editions.com\/livres-lesbiens\/lacidite-des-airelles-roman-lesbien-feel-good.html\" target=\"_blank\" rel=\"noreferrer noopener\">Homoromance-\u00e9ditions<\/a><\/p>\n<\/div>\n\n\n\n<div class=\"wp-block-column is-layout-flow wp-block-column-is-layout-flow\">\n<p><strong><strong>\u00c0 d\u00e9couvrir<\/strong>&nbsp;sur&nbsp;<\/strong><a href=\"https:\/\/www.amazon.fr\/Lacidit%C3%A9-airelles-Int%C3%A9grale-Feel-good-lesbien-ebook\/dp\/B0B65Y83JG\/?_encoding=UTF8&amp;pd_rd_w=lYodY&amp;content-id=amzn1.sym.5c9279c3-ef5d-4788-93b8-6651acb37c13&amp;pf_rd_p=5c9279c3-ef5d-4788-93b8-6651acb37c13&amp;pf_rd_r=262-2240775-4137638&amp;pd_rd_wg=QllX6&amp;pd_rd_r=9a5ee1b1-dfe9-44b1-b995-201f38292a6e&amp;ref_=aufs_ap_sc_dsk\" target=\"_blank\" rel=\"noreferrer noopener\">Amazon.fr<\/a><\/p>\n<\/div>\n<\/div>\n\n\n\n<div class=\"wp-block-columns alignfull is-layout-flex wp-container-core-columns-is-layout-9d6595d7 wp-block-columns-is-layout-flex\">\n<div class=\"wp-block-column is-layout-flow wp-block-column-is-layout-flow\" style=\"flex-basis:50%\">\n<div class=\"wp-block-cover is-light\" style=\"min-height:600px;aspect-ratio:unset;\"><span aria-hidden=\"true\" class=\"wp-block-cover__background has-background-dim-100 has-background-dim\" style=\"background-color:#f6f6f6\"><\/span><div class=\"wp-block-cover__inner-container is-layout-flow wp-block-cover-is-layout-flow\"><div class=\"wp-block-image\">\n<figure class=\"aligncenter size-full is-resized\"><img loading=\"lazy\" decoding=\"async\" width=\"300\" height=\"300\" sizes=\"auto, (max-width: 300px) 100vw, 300px\" src=\"https:\/\/olintorvingen.fr\/wp-content\/uploads\/2024\/12\/Lacidite-des-airelles_roman-lesbien_feel-good_olin-torvingen.png\" alt=\"Livre lesbien, romance lesbienne, lecture saphique, slow burn, ennemy to lover, feel-good, lecture queer, romance, lgbt, homoromance\" class=\"wp-image-388\" style=\"width:384px;height:auto\" srcset=\"https:\/\/olintorvingen.fr\/wp-content\/uploads\/2024\/12\/Lacidite-des-airelles_roman-lesbien_feel-good_olin-torvingen.png 300w, https:\/\/olintorvingen.fr\/wp-content\/uploads\/2024\/12\/Lacidite-des-airelles_roman-lesbien_feel-good_olin-torvingen-150x150.png 150w, https:\/\/olintorvingen.fr\/wp-content\/uploads\/2024\/12\/Lacidite-des-airelles_roman-lesbien_feel-good_olin-torvingen-60x60.png 60w\" \/><\/figure>\n<\/div><\/div><\/div>\n<\/div>\n\n\n\n<div class=\"wp-block-column is-vertically-aligned-center is-layout-flow wp-block-column-is-layout-flow\" style=\"padding-top:1em;padding-right:1em;padding-bottom:1em;padding-left:1em\">\n<div class=\"wp-block-columns is-layout-flex wp-container-core-columns-is-layout-9d6595d7 wp-block-columns-is-layout-flex\">\n<div class=\"wp-block-column is-layout-flow wp-block-column-is-layout-flow\" style=\"flex-basis:320px\">\n<p class=\"has-small-font-size\" style=\"line-height:1.6\"><strong>R\u00e9sum\u00e9<\/strong><\/p>\n\n\n\n<p class=\"has-small-font-size\" style=\"line-height:1.6\">Une lumi\u00e8re s\u2019allume chaque soir au dernier \u00e9tage du&nbsp;<em>Flying Swan<\/em>, le c\u00e9l\u00e8bre h\u00f4tel de luxe parisien, et Allen, responsable de la s\u00e9curit\u00e9, observe une silhouette \u00e0 travers la fen\u00eatre de son appartement. <\/p>\n\n\n\n<p class=\"has-small-font-size\" style=\"line-height:1.6\"><\/p>\n\n\n\n<p class=\"has-small-font-size\" style=\"line-height:1.6\">Elle, plus que quiconque sait que personne ne devrait se trouver \u00e0 cet \u00e9tage condamn\u00e9, en attente de r\u00e9novation. Son retour d\u2019expatriation difficile, sa relation complexe avec sa m\u00e8re et l\u2019impression qu\u2019elle a de ne plus avoir sa place aupr\u00e8s de ses amis, la plongent dans une profonde m\u00e9lancolie.<\/p>\n\n\n\n<p class=\"has-small-font-size\" style=\"line-height:1.6\"><br>Un soir, alors qu\u2019elle a rendez-vous avec la charmante Annette, elle voit sa myst\u00e9rieuse inconnue chanceler sur les \u00e9crans de surveillance. Allen abandonne tout pour lui porter secours et met ainsi en p\u00e9ril sa carri\u00e8re et sa relation naissante.<\/p>\n\n\n\n<p class=\"has-small-font-size\" style=\"line-height:1.6\"><br>Elle n\u2019imaginait pas que la d\u00e9couverte de Sara changerait le regard qu\u2019elle portait sur sa vie. <\/p>\n\n\n\n<p class=\"has-small-font-size\" style=\"line-height:1.6\">En suivant des yeux une lueur au loin, Allen ouvre les siens, et rien ne sera plus comme avant !<\/p>\n<\/div>\n<\/div>\n<\/div>\n<\/div>\n\n\n\n<p><strong>Ce qu\u2019on en dit<\/strong>&nbsp;:<\/p>\n\n\n\n<ul class=\"wp-block-list\">\n<li><a href=\"https:\/\/www.amazon.fr\/gp\/customer-reviews\/RQ05SI5ZRFP4Y\/ref=cm_cr_dp_d_rvw_ttl?ie=UTF8&amp;ASIN=B0B65Y83JG\"><em>5,0 sur 5&nbsp;\u00e9toiles<\/em>&nbsp;Un v\u00e9ritable coup de c\u0153ur&nbsp;<\/a><\/li>\n\n\n\n<li><a href=\"https:\/\/www.amazon.fr\/gp\/customer-reviews\/R2V0V6Q5UOZ0OK\/ref=cm_cr_dp_d_rvw_ttl?ie=UTF8&amp;ASIN=B0B65Y83JG\"><em>5,0 sur 5&nbsp;\u00e9toiles<\/em>&nbsp;parmi mes pr\u00e9f\u00e9r\u00e9s !!! un amour lib\u00e9rateur \u2026<\/a><\/li>\n\n\n\n<li><a href=\"https:\/\/www.amazon.fr\/gp\/customer-reviews\/RQB86KG7PYBQB\/ref=cm_cr_dp_d_rvw_ttl?ie=UTF8&amp;ASIN=B0B65Y83JG\"><em>5,0 sur 5&nbsp;\u00e9toiles<\/em>&nbsp;Un pur moment de plaisir<\/a><\/li>\n\n\n\n<li><a href=\"https:\/\/www.amazon.fr\/gp\/customer-reviews\/R10BE822P7M09Q\/ref=cm_cr_othr_d_rvw_ttl?ie=UTF8&amp;ASIN=B0B65Y83JG\"><em>5,0 sur 5&nbsp;\u00e9toiles<\/em>&nbsp;Un tr\u00e8s beau moment de lecture<\/a><\/li>\n<\/ul>\n\n\n\n<p><\/p>\n","protected":false},"excerpt":{"rendered":"<p>Une romance contemporaine feel-good Les tropes et th\u00e8mes :\u00a0Ennemie \u00e0 amante (ennemy to lover), proximit\u00e9 forc\u00e9e, grumpy \/ sunshine, slow-burn, feel-good, famille choisie (found family) \u00c0 d\u00e9couvrir sur&nbsp;Homoromance-\u00e9ditions \u00c0 d\u00e9couvrir&nbsp;sur&nbsp;Amazon.fr R\u00e9sum\u00e9 Une lumi\u00e8re s\u2019allume chaque soir au dernier \u00e9tage du&nbsp;Flying Swan, le c\u00e9l\u00e8bre h\u00f4tel de luxe parisien, et Allen, responsable de la s\u00e9curit\u00e9, observe une silhouette \u00e0 travers la fen\u00eatre de son appartement. Elle, plus que quiconque sait que personne ne devrait se trouver \u00e0 cet \u00e9tage condamn\u00e9, en attente de r\u00e9novation. Son retour d\u2019expatriation difficile, sa relation complexe avec sa m\u00e8re et l\u2019impression qu\u2019elle a de ne plus avoir &hellip; <\/p>\n","protected":false},"author":2,"featured_media":0,"parent":18,"menu_order":0,"comment_status":"closed","ping_status":"closed","template":"","meta":{"_seopress_robots_primary_cat":"","_seopress_titles_title":"L'acidit\u00e9 des airelles %%sep%% Une romance lesbienne aux personnages attachants","_seopress_titles_desc":"Une romance feel-good dans laquelle deux femmes apprennent \u00e0 surmonter leurs difficult\u00e9s ensemble, mais l'amour triomphe de tout.","_seopress_robots_index":"","footnotes":""},"class_list":["post-54","page","type-page","status-publish","hentry"],"_links":{"self":[{"href":"https:\/\/olintorvingen.fr\/index.php\/wp-json\/wp\/v2\/pages\/54","targetHints":{"allow":["GET"]}}],"collection":[{"href":"https:\/\/olintorvingen.fr\/index.php\/wp-json\/wp\/v2\/pages"}],"about":[{"href":"https:\/\/olintorvingen.fr\/index.php\/wp-json\/wp\/v2\/types\/page"}],"author":[{"embeddable":true,"href":"https:\/\/olintorvingen.fr\/index.php\/wp-json\/wp\/v2\/users\/2"}],"replies":[{"embeddable":true,"href":"https:\/\/olintorvingen.fr\/index.php\/wp-json\/wp\/v2\/comments?post=54"}],"version-history":[{"count":25,"href":"https:\/\/olintorvingen.fr\/index.php\/wp-json\/wp\/v2\/pages\/54\/revisions"}],"predecessor-version":[{"id":1080,"href":"https:\/\/olintorvingen.fr\/index.php\/wp-json\/wp\/v2\/pages\/54\/revisions\/1080"}],"up":[{"embeddable":true,"href":"https:\/\/olintorvingen.fr\/index.php\/wp-json\/wp\/v2\/pages\/18"}],"wp:attachment":[{"href":"https:\/\/olintorvingen.fr\/index.php\/wp-json\/wp\/v2\/media?parent=54"}],"curies":[{"name":"wp","href":"https:\/\/api.w.org\/{rel}","templated":true}]}}